{"id":167,"date":"2025-01-30T22:33:48","date_gmt":"2025-01-31T03:33:48","guid":{"rendered":"http:\/\/aplicaciones.marianosamaniego.edu.ec\/wayakuntu\/?page_id=167"},"modified":"2025-01-30T22:42:46","modified_gmt":"2025-01-31T03:42:46","slug":"develacion-de-la-escultura-del-runa-kalwa","status":"publish","type":"page","link":"https:\/\/aplicaciones.marianosamaniego.edu.ec\/wayakuntu\/develacion-de-la-escultura-del-runa-kalwa\/","title":{"rendered":"Develaci\u00f3n de la Escultura del Runa Kalwa"},"content":{"rendered":"\n<p>Con mucho aprecio y cari\u00f1o, les comparto el emotivo momento de la develaci\u00f3n de la escultura del RUNA KALWA, fue una noche de profunda integraci\u00f3n y significado.<\/p>\n\n\n\n<figure class=\"wp-block-embed is-type-video is-provider-youtube wp-block-embed-youtube wp-embed-aspect-16-9 wp-has-aspect-ratio\"><div class=\"wp-block-embed__wrapper\">\n<iframe loading=\"lazy\" title=\"Emotivo Develamiento de la Escultura Runa Kalwa Una Noche de Integraci\u00f3n y Conexi\u00f3n\" width=\"640\" height=\"360\" src=\"https:\/\/www.youtube.com\/embed\/4ag0UG8s4Gs?feature=oembed\" frameborder=\"0\" allow=\"accelerometer; autoplay; clipboard-write; encrypted-media; gyroscope; picture-in-picture; web-share\" referrerpolicy=\"strict-origin-when-cross-origin\" allowfullscreen><\/iframe>\n<\/div><\/figure>\n","protected":false},"excerpt":{"rendered":"<p>Con mucho aprecio y cari\u00f1o, les comparto el emotivo momento de la develaci\u00f3n de la escultura del RUNA KALWA, fue una noche de profunda integraci\u00f3n y significado.<\/p>\n","protected":false},"author":3,"featured_media":0,"parent":0,"menu_order":0,"comment_status":"closed","ping_status":"closed","template":"","meta":{"footnotes":""},"class_list":["post-167","page","type-page","status-publish","hentry"],"_links":{"self":[{"href":"https:\/\/aplicaciones.marianosamaniego.edu.ec\/wayakuntu\/wp-json\/wp\/v2\/pages\/167"}],"collection":[{"href":"https:\/\/aplicaciones.marianosamaniego.edu.ec\/wayakuntu\/wp-json\/wp\/v2\/pages"}],"about":[{"href":"https:\/\/aplicaciones.marianosamaniego.edu.ec\/wayakuntu\/wp-json\/wp\/v2\/types\/page"}],"author":[{"embeddable":true,"href":"https:\/\/aplicaciones.marianosamaniego.edu.ec\/wayakuntu\/wp-json\/wp\/v2\/users\/3"}],"replies":[{"embeddable":true,"href":"https:\/\/aplicaciones.marianosamaniego.edu.ec\/wayakuntu\/wp-json\/wp\/v2\/comments?post=167"}],"version-history":[{"count":1,"href":"https:\/\/aplicaciones.marianosamaniego.edu.ec\/wayakuntu\/wp-json\/wp\/v2\/pages\/167\/revisions"}],"predecessor-version":[{"id":169,"href":"https:\/\/aplicaciones.marianosamaniego.edu.ec\/wayakuntu\/wp-json\/wp\/v2\/pages\/167\/revisions\/169"}],"wp:attachment":[{"href":"https:\/\/aplicaciones.marianosamaniego.edu.ec\/wayakuntu\/wp-json\/wp\/v2\/media?parent=167"}],"curies":[{"name":"wp","href":"https:\/\/api.w.org\/{rel}","templated":true}]}}